ands digit of 711959293?
9
What is the ten millions digit of 30872119?
3
What is the tens digit of 94056569?
6
What is the tens digit of 3675177976?
7
What is the hundreds digit of 194635817?
8
What is the millions digit of 28675419?
8
What is the ten thousands digit of 208005537?
0
What is the units digit of 11216514?
4
What is the thousands digit of 55011996?
1
What is the millions digit of 112268486?
2
What is the ten millions digit of 127419506?
2
What is the hundreds digit of 9029723200?
2
What is the thousands digit of 363976129?
6
What is the hundred millions digit of 2064995347?
0
What is the ten millions digit of 711443705?
1
What is the thousands digit of 2016133456?
3
What is the ten millions digit of 1955744249?
5
What is the units digit of 172884227?
7
What is the ten thousands digit of 4366609645?
0
What is the thousands digit of 340126262?
6
What is the millions digit of 3204103934?
4
What is the hundreds digit of 2816908167?
1
What is the thousands digit of 1172370504?
0
What is the thousands digit of 3879769357?
9
What is the thousands digit of 1042381580?
1
What is the hundred thousands digit of 97739979?
7
What is the hundreds digit of 5438650138?
1
What is the thousands digit of 328952675?
2
What is the hundreds digit of 850031025?
0
What is the ten millions digit of 41437922?
4
What is the ten millions digit of 527223794?
2
What is the millions digit of 280862636?
0
What is the tens digit of 577789311?
1
What is the ten millions digit of 2996422771?
9
What is the hundreds digit of 24212014?
0
What is the hundred millions digit of 3970043173?
9
What is the millions digit of 1654679980?
4
What is the hundred thousands digit of 143815513?
8
What is the hundred thousands digit of 1172468367?
4
What is the ten thousands digit of 1553398594?
9
What is the hundreds digit of 549247193?
1
What is the millions digit of 6451364924?
1
What is the ten thousands digit of 1299522234?
2
What is the units digit of 30686105?
5
What is the thousands digit of 2089067853?
7
What is the hundreds digit of 215554997?
9
What is the millions digit of 25683013?
5
What is the ten millions digit of 105304575?
0
What is the hundred millions digit of 156412054?
1
What is the ten millions digit of 45470261?
4
What is the hundreds digit of 2000877648?
6
What is the units digit of 297813762?
2
What is the hundred millions digit of 350767245?
3
What is the units digit of 489195744?
4
What is the millions digit of 3015690569?
5
What is the units digit of 5636269225?
5
What is the ten millions digit of 244216979?
4
What is the thousands digit of 4184507861?
7
What is the tens digit of 28879621?
2
What is the thousands digit of 8035706750?
6
What is the thousands digit of 4675619003?
9
What is the tens digit of 17377953?
5
What is the thousands digit of 413386988?
6
What is the tens digit of 53032024?
2
What is the hundred millions digit of 2597910304?
5
What is the ten thousands digit of 244746880?
4
What is the ten thousands digit of 46777130?
7
What is the hundreds digit of 127020573?
5
What is the millions digit of 166699518?
6
What is the units digit of 234990746?
6
What is the ten thousands digit of 32603142?
0
What is the hundreds digit of 55291594?
5
What is the ten millions digit of 431038550?
3
What is the ten thousands digit of 13189316?
8
What is the billions digit of 8006247407?
8
What is the thousands digit of 481291768?
1
What is the billions digit of 1823831575?
1
What is the thousands digit of 3002301?
2
What is the ten millions digit of 249610618?
4
What is the units digit of 561630391?
1
What is the hundreds digit of 2079391376?
3
What is the thousands digit of 4439691185?
1
What is the billions digit of 1665720257?
1
What is the ten thousands digit of 422605604?
0
What is the hundred millions digit of 232983158?
2
What is the hundred millions digit of 1865700277?
8
What is the ten millions digit of 41721985?
4
What is the millions digit of 1007261922?
7
What is the ten thousands digit of 1918709455?
0
What is the millions digit of 261101688?
1
What is the hundred millions digit of 136099390?
1
What is the millions digit of 87778716?
7
What is the thousands digit of 300557669?
7
What is the hundreds digit of 335089440?
4
What is the thousands digit of 17890870?
0
What is the hundred millions digit of 233194691?
2
What is the thousands digit of 2777359690?
9
What is the thousands digit of 4781288?
1
What is the ten thousands digit of 81805508?
0
What is the hundred thousands digit of 1210689325?
6
What is the ten millions digit of 924974552?
2
What is the hundred thousands digit of 35419760?
4
What is the units digit of 1120459422?
2
What is the ten millions digit of 463613401?
6
What is the ten millions digit of 131781491?
3
What is the hundred thousands digit of 21150175?
1
What is the hundreds digit of 300644196?
1
What is the millions digit of 62214283?
2
What is the hundred millions digit of 3344368723?
3
What is the tens digit of 197734122?
2
What is the thousands digit of 338378008?
8
What is the millions digit of 3473931?
3
What is the units digit of 2242027485?
5
What is the tens digit of 3763122491?
9
What is the ten millions digit of 3425882661?
2
What is the millions digit of 153318672?
3
What is the units digit of 615704236?
6
What is the ten thousands digit of 91588376?
8
What is the millions digit of 231667297?
1
What is the hundred thousands digit of 132076116?
0
What is the thousands digit of 352967914?
7
What is the ten thousands digit of 79011253?
1
What is the hundred thousands digit of 688368815?
3
What is the hundred thousands digit of 90466845?
4
What is the tens digit of 91523489?
8
What is the hundred thousands digit of 95508203?
5
What is the units digit of 1071923454?
4
What is the ten thousands digit of 86353227?
5
What is the hundred millions digit of 5269395966?
2
What is the hundred thousands digit of 1476806926?
8
What is the units digit of 224150009?
9
What is the ten thousands digit of 1047343327?
4
What is the thousands digit of 60687682?
7
What is the units digit of 364167452?
2
What is the millions digit of 12031526?
2
What is the units digit of 13941666?
6
What is the hundreds digit of 7725956?
9
What is the hundred millions digit of 2459003896?
4
What is the ten thousands digit of 28328992?
2
What is the hundred thousands digit of 338535226?
5
What is the tens digit of 359998159?
5
What is the tens digit of 1470153722?
2
What is the tens digit of 1229635298?
9
What is the hundred thousands digit of 216629218?
6
What is the ten millions digit of 3159350647?
5
What is the thousands digit of 19915020?
5
What is the hundred thousands digit of 3697724126?
7
What is the units digit of 157618038?
8
What is the ten thousands digit of 602414272?
1
What is the hundred millions digit of 840145089?
8
What is the thousands digit of 1808384082?
4
What is the millions digit of 66622744?
6
What is the units digit of 410610205?
5
What is the hundred millions digit of 265013925?
2
What is the millions digit of 1304894766?
4
What is the millions digit of 94698129?
4
What is the millions digit of 50106826?
0
What is the ten millions digit of 463469605?
6
What is the thousands digit of 27136244?
6
What is the millions digit of 168907523?
8
What is the hundreds digit of 44813309?
3
What is the hundred thousands digit of 1401472323?
4
What is the tens digit of 251842865?
6
What is the ten thousands digit of 3030625175?
2
What is the billions digit of 5523380025?
5
What is the ten millions digit of 12671138?
1
What is the thousands digit of 19092140?
2
What is the tens digit of 3665123209?
0
What is the thousands digit of 14624479?
4
What is the hundred thousands digit of 75365716?
3
What is the millions digit of 96749650?
6
What is the hundred thousands digit of 249645364?
6
What is the hundreds digit of 20702883?
8
What is the units digit of 12337081?
1
What is the hundreds digit of 24319253?
2
What is the hundreds digit of 22065446?
4
What is the units digit of 74485018?
8
What is the tens digit of 1502732898?
9
What is the hundreds digit of 689351814?
8
What is the ten thousands digit of 128143585?
4
What is the hundred millions digit of 635760405?
6
What is the ten thousands digit of 25889293?
8
What is the millions d